{"id":979,"date":"2018-01-24T05:45:20","date_gmt":"2018-01-24T03:45:20","guid":{"rendered":"http:\/\/www.mariolopoulosfoundation.gr\/?page_id=979"},"modified":"2019-11-18T09:35:16","modified_gmt":"2019-11-18T07:35:16","slug":"publications","status":"publish","type":"page","link":"https:\/\/mariolopoulosfoundation.gr\/?page_id=979&lang=en","title":{"rendered":"Publications of research supported by the foundation"},"content":{"rendered":"<ul>\n<li><em>\u201cDetecting volcanic sulfur dioxide plumes in the Northern Hemisphere using the Brewer spectrophotometer, other networks, and satellite observations\u201d<\/em> by Zerefos, C. S., K. Eleftheratos, J. Kapsomenakis, S. Solomos, A. Inness, D. Balis, A. Redondas, H. Eskes, V. Amiridis, C. Repapis, M. Allaart, R. Engelmann, A. Dahlback, V. De Bock, H. Di\u00e9moz, P. Eriksen, J. Gr\u00f6bner, A. Heikkil\u00e4, J. Jaros\u0142awski, W. Josefsson, T. Karppinen, U. K\u00f6hler, C. Meleti, C. Repapis, J. Rimmer, V. Savinykh, V. Shirotov, A. M. Siani, A. R. D. Smedley, M. Stanek, and R. St\u00fcbi, , Atmos. Chem. Phys., 17, 551\u2013574, 2017.<\/li>\n<li><em>\u201cOverview of the O3M SAF GOME-2 operational atmospheric composition and UV radiation data products and data availability\u201d<\/em> by S. Hassinen, D. Balis, H. Bauer, M. Begoin, A. Delcloo, K. Eleftheratos, S. Gimeno Garcia, J. Granville, M. Grossi, N. Hao, P. Hedelt, F. Hendrick, M. Hess, K.-P. Heue, J. Hovila1, H. J\u00f8nch-S\u00f8rensen, N. Kalakoski, A. Kauppi, S. Kiemle, L. Kins, M. E. Koukouli, J. Kujanp\u00e4\u00e4, J.-C. Lambert, R. Lang1, C. Lerot, D. Loyola, M. Pedergnana, G. Pinardi, F. Romahn, M. van Roozendael, R. Lutz, I. De Smedt, P. Stammes,W. Steinbrecht,J. Tamminen, N. Theys, L. G. Tilstra, O. N. E. Tuinder, P. Valks, C. Zerefos, W. Zimmer, and I. Zyrichidou, Atmospheric Measurement Techniques, 9, 383\u2013407, 2016.<\/li>\n<li><em>\u201cPreliminary Measurements of Schumann\u2019s Resonances (SR) in the Greek Area\u201d<\/em> by G. Tatsis, C. I. Votis, V. Christofilakis, P. Kostarakis, V. Tritakis, C. Repapis and P. Kalavrezos, Journal of Engineering Science and Technology Review 9 (4) (2016) 61 \u2013 64<\/li>\n<li><em>\u201cEastern Mediterranean transport patterns and atmospheric conditions associated with high and low summer ozone levels in the lower troposphere and the boundary layer\u201d<\/em> by P.D. Kalabokas, J-P Cammas, V. Thouret, A. Volz-Thomas, D. Boulanger and C.C. Repapis, International Global Atmospheric Chemistry (IGAC), Conference 2016. 25-30 September 2016. Brecknridge, Colorado, USA.<\/li>\n<li><em>\u201cAn Investigation on the origin of regional spring time ozone episodes in the Western Mediterranean and Central Europe\u201d<\/em> by P.D. Kalabokas, J. Hjorth, G. Foret, G. Dufour, M. Eremenko, J. Guesta and Matthias Beekmann, International Global Atmospheric Chemistry (IGAC), Conference 2016. 25-30 September 2016. Brecknridge, Colorado, USA.<\/li>\n<li><em>\u201cA review of surface and lower troposphere ozone concentration characteristics around the urban area of Athens, the Aegean Sea and at the Central and Eastern Mediterranean\u201d<\/em> by P.D. Kalabokas and C.C. Repapis, 13th International Conference on Meteorology, Climatology and Atmospheric Physics (COMECAP 2016) 19-21 September 2016, Thessaloniki, Greece.<\/li>\n<li><em>\u201cOn the determination of the thermal comfort conditions of a metropolitan city underground railway\u201d<\/em> \u0393\u03b9\u03ce\u03c1\u03b3\u03bf\u03c2 \u039a\u03b1\u03c4\u03b1\u03b2\u03bf\u03cd\u03c4\u03b1\u03c2, \u039c\u03b1\u03c1\u03b3\u03b1\u03c1\u03af\u03c4\u03b1 \u0391\u03c3\u03b7\u03bc\u03b1\u03ba\u03bf\u03c0\u03bf\u03cd\u03bb\u03bf\u03c5, \u0394\u03b7\u03bc\u03bf\u03c3\u03b8\u03ad\u03bd\u03b7\u03c2 \u0391\u03c3\u03b7\u03bc\u03b1\u03ba\u03cc\u03c0\u03bf\u03c5\u03bb\u03bf\u03c2, Science of the Total Environment 566-567 (2016) 877-887.<\/li>\n<li><em>\u201cPreliminary Measurements of Schumann\u2019s Resonances (SR) in the Greek Area, Review Article. International Meeting of the Greek Astronomical Society\u201d<\/em> by G. Tatsis, C. I. Votis, V. Christofilakis, P. Kostarakis, V. Tritakis and C. Repapis. Thessaloniki June 2015, website of ELASET.<\/li>\n<li><em>\u201cPast and present geophysical threats at the great city of Alexandria\u201d<\/em> by C.S. Zerefos, S.N. Ambrazeys, H. Badawy, E. Xirotyri-Zerefou, Proceedings of the Tenth International Congress of Egyptologists, University of the Aegean, Rhodes, 22-29 May 2008 (Orientalia Lovaniensia Analecta 241), ISBN 978-90-429-2550-2, 557-568, 2015.<\/li>\n<li><em>\u201cPrediction of climate change impacts on cotton yields in Greece under eight climatic models using the AquaCrop crop simulation model and discriminant function analysis\u201d<\/em> by Voloudakis, D., A. Karamanos, G. Economou, D. Kalivas, P. Vahamidis, V. Kotoulas, J. Kapsomenakis C. Zerefos,. Agricultural Water Management, 147, 116-128, 2015.<\/li>\n<li><em>\u201cThe geographical distribution of meteorological parameters associated with high and low summer ozone levels in the lower troposphere and the boundary layer over the eastern Mediterranean (Cairo case)\u201d<\/em> by P. D. Kalabokas, V. Thouret, J.-P. Cammas, A. Volz-Thomas, D. Boulanger and C. C. Repapis, Tellus B, 67, 27853, 2015.<\/li>\n<li><em>\u201cA prototype data acquisition and processing system for Schumann resonance measurements\u201d<\/em> by G. Tatsis, C. Votis, V. Christofilakis, P. Kostarakis, V. Tritakis, C. Repapis, Journal of Atmospheric and Solar \u2013 Terrestrial Physics, 135(2015)152\u2013160.<\/li>\n<li><em>\u201cEvidence for an earlier greenhouse cooling effect in the stratosphere before 1980 over the Northern Hemisphere\u201d<\/em>, by C.S. Zerefos, K. Tourpali, P. Zanis, K. Eleftheratos, C. Repapis, A. Goodman, D. Wuebbles, I.S.A. Isaksen and J. Luterbacher, Atmospheric Chemistry and Physics,14. 7705-7720. 2014, Doi 10.5194\/acp-14-7705-2014.<\/li>\n<li><em>\u201cFurther evidence of important environmental information content in red-to-green ratios as depicted in paintings by great masters\u201d<\/em> by C. S. Zerefos, P. Tetsis, A. Kazantzidis, V. Amiridis, S. C. Zerefos, J. Luterbacher, K. Eleftheratos, E. Gerasopoulos, S. Kazadzis and A. Papayannis, Atmospheric Chemistry and Physics, 14. 2987\u20133015. 2014, doi:10.5194\/acp-14-2987-2014. <em>Selected as \u201cResearch Spotlight\u201d by the Editors of the Journal<\/em>.<\/li>\n<li><em>\u201cAtmospheric Ozone and Methane in a Changing Climate\u201d<\/em>, by Isaksen, I. S. A., T. K. Berntsen, S. B. Dals\u00f8ren, K. Eleftheratos, Y. Orsolini, B. Rognerud, F. Stordal, O. A. S\u00f8vde, C. Zerefos, C. D. Holmes, Atmosphere, 5, 518-535; doi:10.3390\/atmos5030518, 2014.<\/li>\n<li><em>\u201cAssessment of human thermal bioclimatic conditions in complex micro environments within the Athens University Campus, Greece\u201d<\/em> by Iliana D. Polychroni and Panagiotis T. Nastos, EMS Annual Meeting Abstracts Vol. 11, EMS2014-116-1, 2014, 14th EMS \/ 10th European Conference on Applied Climatology (ECAC) | 06 \u2013 10 October 2014 | Prague, Czech Republic, 2014.<\/li>\n<li>Technical report <em>\u201cDesign and construction of a Schumann Resonances antenna of very low frequencies\u201d<\/em> Scientific coordinator P. Kostarakis, Laboratory of Electronic Telecommunications and Applications, University of Ioannina, (in Greek) 2014.<\/li>\n<li><em>\u201cA study of the characteristics of the potential applications and the way of measure the Schumann Resonances\u201d<\/em>, Diploma Dissertation by P. Kalavrezos, University of Athens, Scientific Coordinator V. Tritakis, (in Greek) 2014.<\/li>\n<li>Technical report <em>\u00ab\u0395\u03bb\u03bb\u03b7\u03bd\u03b9\u03ba\u03cc\u03c2 \u03a4\u03bf\u03c5\u03c1\u03b9\u03c3\u03bc\u03cc\u03c2 \u03ba\u03b1\u03b9 \u039a\u03bb\u03b9\u03bc\u03b1\u03c4\u03b9\u03ba\u03ae \u0391\u03bb\u03bb\u03b1\u03b3\u03ae: \u03a0\u03bf\u03bb\u03b9\u03c4\u03b9\u03ba\u03ad\u03c2 \u03a0\u03c1\u03bf\u03c3\u03b1\u03c1\u03bc\u03bf\u03b3\u03ae\u03c2 \u03ba\u03b1\u03b9 \u039d\u03ad\u03b1 \u03a3\u03c4\u03c1\u03b1\u03c4\u03b7\u03b3\u03b9\u03ba\u03ae \u0391\u03bd\u03ac\u03c0\u03c4\u03c5\u03be\u03b7\u03c2\u00bb<\/em> Scientific coordinator Christos Zerefos, Climate Change Impacts Study Committee of Bank of Greece, (in Greek) 2014.<\/li>\n<li><em>\u201cPlausible megathrust tsunamis in the eastern Mediterranean Sea\u201d<\/em> by B. Valle, N. Kalligeris, A. Findikakis, E. Okal, L. Melilla, C. Synolakis, Engineering and Computational Mechanics, Vol. 167, Issue EM3, 2014.<\/li>\n<li>Technical reports <em>\u201cThe Hellenic Institute of Ancient and Mediaeval Alexandrian Studies\u201d<\/em> (HIAMAS) Nos 25-26-27, Ed. H. Tzalas, Athens 2013-2014.<\/li>\n<li><em>\u201cMapping of surface ozone seasonality and trends across Europe during 1997-2006 through kriging interpolation to observational data\u201d<\/em> by Aggelis, D., P. Zanis, C. Zerefos, A.F. Bais, P. Nastos, , Water, Air &amp; Soil Poll., Vol. 224 (4), art. no. 1501, doi: 10.1007\/s11270-013-1501-9, 2013.<\/li>\n<li><em>\u201cOzone Variations Derived by a Chemical Transport Model\u201d<\/em> by K. Eleftheratos, I. Isaksen, C. Zerefos, P. Nastos, K. Tourpali and B. Rognerud, Water Air Soil Pollut 224:1585, doi 10.1007\/s11270-013-1585-2, 2013.<\/li>\n<li><em>\u201cPossible Geophysical Consequences of the 365 A.D. tsunami in Alexandria and the Efforts and Findings of the Greek Mission\u201d<\/em> by H. Tzalas, C. Repapis, C. Synolakis and C. Zerefos, Workshop \u201cEarthquakes, tsunamis and sea level change over the long term. Comparative data from Alexandria, Cyprus and Crete\u201d Programme ENVI-MED, (French School of Athens) 24-26\/9\/2013, Athens 2013.<\/li>\n<li><em>\u201cExamination of the atmospheric conditions associated with high and low summer ozone levels in the lower troposphere over the eastern Mediterranean\u201d<\/em>, by P. D. Kalabokas, J.-P. Cammas, V. Thouret, A. Volz-Thomas, D. Boulanger and C. C. Repapis, Atmospheric Chemistry and Physics, 13, 1-14, 2013, Doi 10.5194\/acp\/13-1-2013.<\/li>\n<li>Technical report <em>\u201cWeather and Climate in the Region of Nafpaktos, Greece\u201d<\/em>, 2nd GEL, 2013.<\/li>\n<li><em>\u201cDesign, Construction and testing of a laboratory chamber for dust generation and sampling\u201d<\/em>, by A. Krestou, A.G. Triantafyllou, S. Garas, V. Tsekouras and C. Diamantopoulos. CEST 2013, Athens 2013.<\/li>\n<li><em>\u201cAtmospheric conditions associated with high and low summertime ozone levels in the boundary layer over some eastern Mediterranean airports\u201d<\/em>, by Kalabokas P. D., Thouret V., Cammas J.-P, Volz-Thomas A., Boulanger D. and Repapis C.C., Proc. European Geosciences Union, General Assembly 2013. Vienna, Austria, 07-12 April 2013.<\/li>\n<li><em>\u201cAtmospheric conditions associated with high and low summertime ozone concentrations in the free lower troposphere and the boundary layer over some eastern Mediterranean airports\u201d<\/em>, by Pavlos D. Kalabokas, Val\u00e9rie Thouret, Jean-Pierre Cammas, Andreas Volz-Thomas, Damien Boulanger and Christos C. Repapis, 17th International Symposium on Environmental Pollution and its Impact on Life in the Mediterranean Region, Istanbul \u2013 Turkey, September 28 &#8211; October 1, 2013.<\/li>\n<li><em>\u201cOzone variations derived by a chemical transport model\u201d<\/em>, by K. Eleftheratos, I. Isaksen, C. Zerefos, P. Nastos, K. Tourpali, B. Rognerud, Water Air Soil Pollut (2013), Springer, Doi 10.1007\/s 11270-013-1585-2.<\/li>\n<li><em>\u201cClimatology of upper air temperature in the Eastern Mediterranean region\u201d<\/em>, by C. M. Philandras, P.T. Nastos, I. N. Kapsomenakis and C. C. Repapis, Atmospheric Research, 2013.<\/li>\n<li>Technical report <em>\u201cThe indoor Air Quality in coaches of the Athens Metro\u201d<\/em> Scientific Coordinator: Dimosthenis Asimakopoulos, Faculty of Physics of the University of Athens, (in Greek) 2013.<\/li>\n<li><em>\u201cAtmospheric conditions associated with high and low summer ozone levels in the lower troposphere over the eastern Mediterranean\u201d<\/em>, by Kalabokas P. D., Volz-Thomas A. Thouret V. Cammas J. \u2013P., Boulanger D. and Repapis C.C., IGAC Proc. 12th International Conference, 17-22 September 2012: Beijing, China.<\/li>\n<li>\u201c\u0395vidence of a possible turning point in solar UV-B over Canada, Europe and Japan\u201d, by C.S. Zerefos, K. Tourpali, K. Eleftheratos, S. Kazadzis, C. Meleti, U. Feister, T. Koskela and A. Heikkil\u00e4, Atmospheric Chemistry and Physics, 12, 2469-2477, 2012.<\/li>\n<li><em>\u201cAttribution of the Arctic ozone column deficit in March 2011\u201d<\/em>, by I.S.A. Isaksen, C. Zerefos, W.C. Wang, D. Balis, K. Eleftheratos, B. Rognerud, F. Stordal, T.K. Berntsen, J. H. LaCasce, O. A. S\u00f8vde, D. Olivi\u00e9, Y. J. Orsolini, I. Zyrichidou, N. Prather and O. N. E. Tuinder, Geophysical Research Letters, Vol.39, L24810, 2012.<\/li>\n<li><em>\u201cObserved and modelled record ozone decline over the Arctic during winter\/spring 2011\u201d<\/em>, by Balis, I.S.A. Isaksen, C. Zerefos, I. Zyrichidou, K. Eleftheratos, K. Tourpali, R. Bojkov, B. Rognerud, F. Stordal, O.A. S\u00f8vde and Y. Orsolini, Geophysical Research Letters, Vol.38, L23801, 2011.<\/li>\n<li><em>\u201cObserved and predicted climate changes in Uruguay and adjacent areas\u201d<\/em> by Eleftheratos, \u039a., G. Tselioudis, C. Zerefos, P. Nastos, C. Douvis &amp; I. Kapsomenakis, Hellenic Journal of Geosciences, vol. 45, 83-90, 2010.<\/li>\n<li><em>\u201cComparison of OMI NO2 tropospheric columns with an ensemble of global and European regional air quality models\u201d<\/em> by Huijnen, V., H.J. Eskes, A. Poupkou, H. Elbern, K.F. Boersma, G. Foret, M. Sofiev, A. Valdebenito, J. Flemming, O. Stein, A. Gross, L. Robertson, M. D\u2019Isidoro, I. Kioutsioukis, E. Friese, B. Amstrup, R. Bergstrom, A. Strunk, J. Vira, D. Zyryanov, A. Maurizi, D. Melas, V.H. Peuch, C. Zerefos, Atmos. Chem. Phys., 10, 3273-3296, 2010.<\/li>\n<li>Technical report <em>\u201cEnergy Performance of prismatic Buildings\u201d<\/em>, Scientific Coordinator: Anastasios Kotsiopoulos, Aristotle University of Thessaloniki, (in Greek) 2010.<\/li>\n<li>Technical report <em>\u201cKnowledge Based Economy &#8211; Engine for Environment Protection and Sustainable Development of South-East Mediterranean Area\u201d<\/em> Giorgi Kervalishvili, University of Indianapolis, Athens, 2010.<\/li>\n<li>Technical report <em>\u201cStructural Design Study of Institute of Geodynamical Building of the National Observatory of Athens\u201d<\/em> Scientific coordinator E. Sfakianakis, University of Patras, (in Greek) 2009.<\/li>\n<li>Technical report <em>\u201cPreliminary study of Social Economical consequences of Climate Change in Greece and Eastern Mediterranean\u201d<\/em> Scientific coordinator Christos Repapis, (in Greek) 2009.<\/li>\n<li><em>\u201cHints on Geophysical Disasters in the Great City of Alexandria\u201d<\/em> by C. Zerefos, N. Ambrazis, H. Badawy and E. Xirotyri-Zerefou, Proceedings of the Academy of Athens, Vol. 83, 147-163, (in Greek) 2008.<\/li>\n<li>Technical report <em>\u201cStructural Design Study of Institute of Geodynamical Building of the National Observatory of Athens\u201d<\/em> Scientific coordinator E. Sfakianakis, University of Patras, (in Greek) 2009.<\/li>\n<li><em>\u201cA study on natural and manmade global interannual fluctuations of cirrus cloud cover for the period 1984\u20132004\u201d<\/em> by Eleftheratos, K., C. S. Zerefos, P. Zanis, D. S. Balis, G. Tselioudis, K. Gierens, and R. Sausen, Atmos. Chem. Phys., 7, 2631\u20132642, 2007.<\/li>\n<li><em>\u201cSearch for Man-Made Cirrus Contrails over Southeast Asia\u201d<\/em> by Zerefos, C. S., K. Eleftheratos, P. Zanis, D. S. Balis, and G. Tselioudis, Terr. Atmos. Ocean. Sci., Vol. 18, No. 3, 459\u2013474, 2007.<\/li>\n<li><em>\u201cEvidence of impact of aviation on cirrus cloud formation\u201d<\/em> by Zerefos C. S., K. Eleftheratos, D. S. Balis, P. Zanis, G. Tselioudis, and C. Meleti, Atmos. Chem. Phys., 3, 1633\u20131644, 2003.<\/li>\n<li>Technical report <em>\u201cStudy of the Levels and Composition of Particulate Pollutants at the Municipality of Chalkis\u201d<\/em> Scientific coordinator Christos Zerefos University of Athens (in Greek) 2008.<\/li>\n<\/ul>\n","protected":false},"excerpt":{"rendered":"<p>\u201cDetecting volcanic sulfur dioxide plumes in the Northern Hemisphere using the Brewer spectrophotometer, other networks, and satellite observations\u201d by Zerefos, C. S., K. Eleftheratos, J. Kapsomenakis, S. Solomos, A. Inness, D. Balis, A. Redondas, H. Eskes, V. Amiridis, C. Repapis, M. Allaart, R. Engelmann, A. Dahlback, V. De Bock, H. Di\u00e9moz, P. Eriksen, J. Gr\u00f6bner,\u2026 <span class=\"read-more\"><a href=\"https:\/\/mariolopoulosfoundation.gr\/?page_id=979&#038;lang=en\">Read More &raquo;<\/a><\/span><\/p>\n","protected":false},"author":1,"featured_media":0,"parent":0,"menu_order":0,"comment_status":"closed","ping_status":"closed","template":"","meta":{"footnotes":""},"class_list":["post-979","page","type-page","status-publish","hentry"],"_links":{"self":[{"href":"https:\/\/mariolopoulosfoundation.gr\/index.php?rest_route=\/wp\/v2\/pages\/979","targetHints":{"allow":["GET"]}}],"collection":[{"href":"https:\/\/mariolopoulosfoundation.gr\/index.php?rest_route=\/wp\/v2\/pages"}],"about":[{"href":"https:\/\/mariolopoulosfoundation.gr\/index.php?rest_route=\/wp\/v2\/types\/page"}],"author":[{"embeddable":true,"href":"https:\/\/mariolopoulosfoundation.gr\/index.php?rest_route=\/wp\/v2\/users\/1"}],"replies":[{"embeddable":true,"href":"https:\/\/mariolopoulosfoundation.gr\/index.php?rest_route=%2Fwp%2Fv2%2Fcomments&post=979"}],"version-history":[{"count":7,"href":"https:\/\/mariolopoulosfoundation.gr\/index.php?rest_route=\/wp\/v2\/pages\/979\/revisions"}],"predecessor-version":[{"id":1395,"href":"https:\/\/mariolopoulosfoundation.gr\/index.php?rest_route=\/wp\/v2\/pages\/979\/revisions\/1395"}],"wp:attachment":[{"href":"https:\/\/mariolopoulosfoundation.gr\/index.php?rest_route=%2Fwp%2Fv2%2Fmedia&parent=979"}],"curies":[{"name":"wp","href":"https:\/\/api.w.org\/{rel}","templated":true}]}}